True
Is 12051293 a prime number?
True
Is 3173069 a composite number?
False
Is 11683283 a composite number?
False
Is 2999951 composite?
False
Is 23058677 prime?
False
Is 174299 prime?
True
Is 264773 a composite number?
True
Is 23841913 a composite number?
False
Is 265287251 a composite number?
False
Is 79088837 a composite number?
False
Is 1019119 composite?
False
Is 27803131 a composite number?
False
Is 147961651 a prime number?
True
Is 12755873 a prime number?
False
Is 120273611 composite?
True
Is 492924977 composite?
True
Is 2917531 composite?
True
Is 30669953 prime?
True
Is 1513201 composite?
True
Is 13915007 composite?
False
Is 6204787 composite?
True
Is 445672063 prime?
False
Is 488227 prime?
True
Is 43756759 a composite number?
True
Is 8450251 a prime number?
False
Is 3179571 a composite number?
True
Is 13812311 a composite number?
False
Is 2914283 prime?
True
Is 736331 a composite number?
True
Is 14896517 composite?
True
Is 21008131 composite?
True
Is 5275339 a composite number?
True
Is 10680433 composite?
False
Is 1240637 prime?
True
Is 29101373 composite?
True
Is 171873607 a composite number?
True
Is 20575013 a prime number?
False
Is 2389021 composite?
False
Is 21400781 composite?
False
Is 13954559 a composite number?
True
Is 21561023 prime?
False
Is 111225599 a prime number?
False
Is 81794933 composite?
True
Is 1091357 prime?
False
Is 167528315 a prime number?
False
Is 1673377 a composite number?
False
Is 21472909 a prime number?
False
Is 3978341 composite?
True
Is 737963 a composite number?
True
Is 38045539 composite?
True
Is 478099 a composite number?
False
Is 974189 a composite number?
False
Is 135229123 prime?
True
Is 649301 a composite number?
True
Is 78966073 composite?
True
Is 68512051 a prime number?
False
Is 3317073 composite?
True
Is 1826907185 prime?
False
Is 19960405 a composite number?
True
Is 48553 composite?
True
Is 16825561 prime?
False
Is 226876973 a prime number?
True
Is 26812003 a composite number?
False
Is 15446099 prime?
True
Is 137969 composite?
True
Is 2267827 a composite number?
False
Is 19761977 a prime number?
True
Is 523047383 a composite number?
False
Is 1764349 prime?
True
Is 6499289 a composite number?
False
Is 401240167 a prime number?
True
Is 620171 composite?
False
Is 923753 prime?
False
Is 13668653 a prime number?
True
Is 4070471 composite?
True
Is 3203652019 composite?
False
Is 10683181 a prime number?
False
Is 30459041 a composite number?
False
Is 1568629 a composite number?
False
Is 138094183 a composite number?
True
Is 3000017 a prime number?
True
Is 2401891 a composite number?
False
Is 191468107 a prime number?
True
Is 9212726 prime?
False
Is 1932709 a composite number?
True
Is 293717 composite?
False
Is 9396599 composite?
False
Is 29346581 a prime number?
False
Is 4297841 prime?
True
Is 29088877 prime?
True
Is 467730181 composite?
False
Is 1243471 a prime number?
True
Is 570979 a composite number?
True
Is 186074449 a composite number?
True
Is 4891331 composite?
False
Is 1351217 a prime number?
False
Is 133103101 composite?
True
Is 3083011 a prime number?
False
Is 205753729 prime?
True
Is 2941795 prime?
False
Is 1343123 prime?
False
Is 16085103 a composite number?
True
Is 48101473 composite?
True
Is 39114989 a prime number?
True
Is 76983811 prime?
False
Is 12840791 prime?
True
Is 8481371 composite?
False
Is 1456759 a composite number?
False
Is 97081331 a composite number?
False
Is 354736951 prime?
False
Is 251287 composite?
False
Is 2207873 composite?
False
Is 77290923 a prime number?
False
Is 16675811 composite?
False
Is 202919909 composite?
False
Is 101205593 prime?
True
Is 40982653 a composite number?
False
Is 27420703 composite?
False
Is 2271023 prime?
False
Is 194073587 composite?
False
Is 265784411 a composite number?
False
Is 13868773 a composite number?
False
Is 269683 a prime number?
True
Is 145717679 composite?
True
Is 320306863 composite?
False
Is 3245087 a composite number?
False
Is 18391123 prime?
True
Is 2769211 composite?
True
Is 6167653 a composite number?
True
Is 4893055 a composite number?
True
Is 6200035 composite?
True
Is 178049323 composite?
True
Is 19935359 a composite number?
True
Is 9971497 a composite number?
False
Is 20069674 a composite number?
True
Is 66141791 a composite number?
True
Is 9231281 prime?
True
Is 21727267 composite?
True
Is 3819301 prime?
True
Is 70941889 composite?
False
Is 54829993 composite?
False
Is 2033621 a composite number?
True
Is 125122083 prime?
False
Is 637139 composite?
False
Is 658539331 a composite number?
False
Is 17674343 a composite number?
False
Is 10907371 a composite number?
False
Is 56547649 prime?
False
Is 5066267 a prime number?
True
Is 3093539 composite?
False
Is 9724963 composite?
True
Is 422689 composite?
False
Is 8308409 prime?
True
Is 200561 a composite number?
True
Is 77433853 prime?
False
Is 11299877 composite?
True
Is 424531 prime?
False
Is 232145635 composite?
True
Is 1318567 a prime number?
False
Is 10191563 composite?
False
Is 213438523 a composite number?
False
Is 452510995 a composite number?
True
Is 2657233 prime?
False
Is 95046929 composite?
False
Is 16226027 a composite number?
False
Is 92069669 a prime number?
True
Is 38813 a prime number?
False
Is 70372603 composite?
True
Is 1664353 composite?
False
Is 1028462705 prime?
False
Is 12590317 composite?
False
Is 16365907 a prime number?
True
Is 368896799 a composite number?
True
Is 1184047 composite?
False
Is 72584503 prime?
False
Is 5414681 a composite number?
False
Is 2890619 composite?
False
Is 168546223 prime?
True
Is 749383 prime?
True
Is 77012167 prime?
False
Is 2707483 composite?
True
Is 16811383 composite?
True
Is 5151371 composite?
False
Is 27588529 a composite number?
True
Is 83770361 composite?
False
Is 26949551 a prime number?
False
Is 6681289 prime?
False
Is 490929253 a prime number?
True
Is 66588811 a prime number?
False
Is 7111183 a prime number?
False
Is 1674913 a composite number?
False
Is 739290079 prime?
False
Is 14761289 a composite number?
True
Is 3428783 composite?
False
Is 10592423 a prime number?
True
Is 2671729 prime?
True
Is 23198533 a composite number?
False
Is 1251161 composite?
False
Is 31844173 composite?
False
Is 4816193 prime?
True
Is 3648529 a composite number?
True
Is 69763541 a prime number?
True
Is 18538363 composite?
False
Is 1533793 composite?
False
Is 2243369 a composite number?
True
Is 37004213 a prime number?
False
Is 1682137 a composite number?
True
Is 2084969 a prime number?
False
Is 25340131 a prime number?
True
Is 398401 a composite number?
True
Is 23783 composite?
True
Is 4628909 a prime number?
False
Is 508569 a composite number?
True
Is 88375193 prime?
True
Is 18727089 a prime number?
False
Is 345413 composite?
False
Is 579197 a composite number?
False
Is 87402583 prime?
False
Is 4020977 composite?
False
Is 7217954 composite?
True
Is 160393819 a prime number?
True
Is 81852391 composite?
False
Is 10214861 prime?
False
Is 37066847 composite?
False
Is 5885189 a prime number?
True
Is 28315633 a prime number?
False
Is 8012161 a prime number?
True
Is 1261799801 a composite number?
False
Is 41807279 a prime number?
True
Is 72728657 composite?
True
Is 2396369 a composite number?
False
Is 27837853 prime?
True
Is 10237229 prime?
True
Is 118787231 a prime number?
True
Is 76271219 a composite number?
False
Is 6020507 composite?
True
Is 1456699 a prime number?
False
Is 1092191 composite?
False
Is 55877197 a composite number?
True
Is 3111347 prime?
False
Is 8078227 composite?
True
Is 637541471 prime?
False
Is 1407673 prime?
False
Is 5009471 prime?
True
Is 353973451 prime?
False
Is 406709 a prime number?
False
Is 4649863 a prime number?
True
Is 2444639 a prime number?
True
Is 2597279 prime?
True
Is 4736731 composite?
False
Is 21664703 prime?
True
Is 635482363 a composite number?
True
Is 62824319 a composite number?
False
Is 110484277 prime?
False
Is 223634317 a composite number?
True
Is 181801817 prime?
True
Is 2916919 a composite number?
False
Is 1219327 a prime number?
False
Is 2317103 composite?
True
Is 72445111 a prime number?
True
Is 89626721 prime?
True
Is 18020699 prime?
True
Is 413573621 a prime number?
True
Is 222907741 a composite number?
True
Is 33090149 a composite number?
True
Is 17865907 a composite number?
False
Is 2